t g = 312 - 276. Is -1618*(-27)/g*2 prime?
False
Let f(i) = i**3 - 7*i**2 + 3*i - 15. Let j be f(7). Let n be (-33 + 36)*(1 + 208/j). Suppose -2*d + 1237 - n = 0. Is d a composite number?
True
Let v(w) = -w**3 - 97*w**2 + 227*w - 220. Is v(-101) a composite number?
False
Let f be (10 - 5)/((-5)/(-2)). Let j(y) = -11*y**3 + 5 - 3*y + 5*y - y**f + 10*y**3. Is j(-5) prime?
False
Suppose 3*h = -9, 7 + 6 = -k - 5*h. Suppose -82935 = -7*l - k*l. Suppose -111*g + 106*g + l = 0. Is g prime?
False
Suppose 0 = -21*v + 201 + 9. Is 3453 - (v - 5 - 7) a composite number?
True
Let r(u) = 17825*u**2 + 165*u + 639. Is r(-4) prime?
True
Let z = -94337 - -142272. Is z a prime number?
False
Let u(i) = 24*i**3 - 30*i**2 + 4*i - 29. Is u(10) a composite number?
False
Suppose h = -5*v + 63909, 13*h - 10*h - 5*v = 191647. Is h prime?
False
Let m(s) = -20446*s - 171. Is m(-5) composite?
False
Is (16/48*3)/(-3 - (-5716074)/1905357) a prime number?
True
Is (-360018555)/475*(-2)/18 - (-2)/15 a prime number?
False
Let q(b) = -198*b**3 - 13*b**2 - 68*b - 629. Is q(-10) prime?
True
Let d be (-110)/(-88) + (-23)/(-4). Suppose d*b - b = -1152. Let l = b - -281. Is l composite?
False
Let x(j) = -182*j**3 - 2*j**2 + 2*j - 21. Let k be x(-4). Let z = k - 4778. Is z prime?
False
Let f = -35 - -41. Suppose 0 = -f*u + u - w + 21, 2*u - w = 7. Suppose 2*l + u*k = 4*l - 2558, -2*k + 2552 = 2*l. Is l prime?
True
Let u(m) = 6*m + 29. Let c be -1 + 33 + (-1 - (-2 - 3)). Let s be c/(-8)*6/(-3). Is u(s) a prime number?
True
Is ((-77)/14 + 5)*(-2 - -4) - -92454 a composite number?
True
Suppose -15329820 = 10*y - 70*y. Is y a prime number?
False
Is 10*689835*(-9)/(-324) - 1/(-6) a composite number?
False
Suppose -12*b - 19 = -55. Is 23318 - (-4 + (-12)/(-3) + b) a prime number?
False
Let p = 177672 + 4007. Is p prime?
False
Let o be (-3)/2*(-1736)/186. Suppose -18*k + o*k = -1772. Is k composite?
False
Suppose 4*y + 32 = a, -y + 56 = 4*a + y. Let t(b) = 52*b**2 - 62*b + 15. Is t(a) prime?
False
Suppose 18179 = 17*h - 13084. Is h/(-2)*(15 - 17) prime?
False
Let l = -246878 - -533829. Is l a prime number?
False
Suppose -6*u + 36 = -0*u. Suppose u*c - 9*c + 9191 = f, 2*f = -3*c + 18373. Is f a prime number?
False
Suppose 32*b = -189880506 + 3913146. Is 6/(-14) - b/252 a composite number?
True
Suppose 0 = 5*x - 24 - 61. Let h = -130 + x. Let t = 4373 - h. Is t prime?
False
Let a = 10348 + 68761. Is a a composite number?
True
Suppose -23350915 = -120*r - 16*r - 5662347. Is r a prime number?
False
Suppose -5 = -5*j - 0*j, 100 = 4*m - 4*j. Suppose 444314 = -0*s + m*s. Is s a composite number?
True
Suppose 3*x - 2*c = -3108 + 13362, -2*x + 6836 = 5*c. Is x prime?
False
Let c be 11/1 + (-7 - -5) - 4. Suppose 0 = -7*b + 4*b - c*s + 4, b = -3*s. Suppose 0 = 4*r - b*n - 4813, -2*r = -3*n - 3748 + 1349. Is r prime?
False
Let k = 181 + -111. Suppose 240 = 3*z + r, -z + 0*r = -3*r - k. Let x = z - -70. Is x prime?
True
Let k = 20 + 121. Suppose 3016 + 6064 = -4*n. Let r = k - n. Is r a prime number?
True
Let u(c) = 600*c - 2. Let t be u(3). Let o be -13 - -10 - -1*(2 - -5). Is (-21 - -23)/(o/t) prime?
False
Let p(k) = -k**2 + 2*k**2 + 5 - 3*k - 15 - 5*k. Let l be p(9). Is (-2 + l)*89/(-3) prime?
True
Suppose -9 = -3*r - 5*p, r - 3*r + 6 = -3*p. Let g be 89 + (-2 + r)*(-3 - -1). Suppose -5*n + g = -308. Is n a prime number?
True
Let l(v) = 21*v - 17. Let y be l(1). Suppose 36*j + 23897 = 37*j + 2*r, 3*r - 95568 = -y*j. Is j a prime number?
False
Let l be (-31)/(2/(-2))*(278 - 7). Let r = l + -2238. Is r a prime number?
True
Let d be ((-3)/18*-4)/(1/12). Suppose 3*t = 9 + 9. Suppose d*q - t*q = 174. Is q a prime number?
False
Is 4698236/6 - 1/2*(-6)/(-9) a prime number?
False
Let b be (-46)/42 + (-80)/(-840) - -46. Is 15/b*(1 - -172400) a prime number?
True
Let f = 997 + 13362. Is f a prime number?
False
Let x = 90399 - 5318. Is x composite?
False
Let h = -190 - -323. Let c = 392 - h. Is c a prime number?
False
Is (-192)/(-128)*(1 + (-611684)/(-12)) a composite number?
True
Suppose 0 = -5*z + 2*q + 3314113, z - 43*q + 45*q = 662801. Is z composite?
False
Suppose 3*b = 3*n - 9, -6*n + 4*n = -3*b - 5. Suppose n*p - 5849 = -3*h + 415, 5*p + 6291 = 3*h. Let g = 3369 - h. Is g prime?
True
Let x = -18 + 18. Suppose -3*g = 3*o, -2*g - o - 3 = -x*o. Let n(b) = 43*b**2 - 3*b + 1. Is n(g) a prime number?
True
Let b = 3717983 + -2246026. Is b composite?
True
Let y = -10850 + 2347. Let u = y - -12198. Is u a prime number?
False
Is 21100365/225 - 6/15 a composite number?
True
Is 128887 + ((-1 - 5) + 6)*-1 composite?
True
Suppose -2*h = -2*l + 1129 + 3389, 9 = 3*h. Let a be ((-16)/(-3))/(11312/l + -5). Let x = a + -4149. Is x prime?
False
Let l(v) = -21*v**3 - 3*v**2 + 10*v + 14. Let b be l(-11). Suppose 11*q + q = b. Is q prime?
False
Is (-11 - 4450453/(-21))*(-12)/(-8) a prime number?
False
Suppose -126*d + 124*d = -3*l + 5608559, 3*d - 9347554 = -5*l. Is l prime?
False
Let p be (1 - 0)*(75 - 61). Suppose 2*g = 4*k + 5422, -12*g + p*g = -4*k + 5454. Is g composite?
False
Suppose -763427 + 88306 = -151*y. Is y a prime number?
False
Let t = -33 + 35. Let v(f) = 33*f**t - 28*f + 1 + 2*f**2 + 32*f. Is v(-2) composite?
True
Suppose -4*x + 7*x = 2*z + 89, 2*x - 45 = z. Let a = z - -48. Suppose 3546 = a*j - 1864. Is j a composite number?
True
Suppose 5*u - 2*u - 1 = 4*l, -3*l - 3 = -3*u. Suppose -5*a + 5*x + 955 = 0, u*x + 17 + 180 = a. Suppose -a = -3*q + 7123. Is q a composite number?
False
Suppose -22 = -h + 5*l, -3*h + 4*l - 5*l - 14 = 0. Let m(w) = 1153*w - 1. Let n be m(h). Let g = n - -7395. Is g a prime number?
False
Let r be 1/(5 - 7 - 12558/(-6278)). Suppose r = 18*h - 65. Is h prime?
False
Let s(b) be the third derivative of 379*b**6/120 - 6*b**2 + 3. Is s(1) a prime number?
True
Suppose -115*u = -83*u - 1689824. Is u a prime number?
True
Suppose s - 119 = -3*a, 4*a + 139 = s + 2*a. Suppose -11065 = s*x - 136*x. Is x prime?
True
Is ((-304910)/30)/(4/(-18)) - (-7)/14 composite?
False
Let w(b) = 291*b**3 + b**2 + 1. Let i be 36/2 + 12/(-6). Suppose -4*f = -i, -2*r - 2*f - f = -16. Is w(r) prime?
True
Suppose -70*g - 99*g = -32673953. Is g a prime number?
True
Is (4770038/26)/1 - (0 - -2 - 0) composite?
False
Let t = -334233 + 683170. Is t prime?
True
Let g be (-40)/(-21) + (-13)/(819/(-6)). Is (-53 - -55)*1151/g composite?
False
Suppose 13*v + 20 = 11*v. Let x(d) = 34*d**2 + 36*d + 39. Is x(v) a prime number?
True
Let n be (-6)/2 - 3546/(-3). Let j(t) = 17*t**2 - 37*t + 42. Let m be j(7). Let w = n - m. Is w prime?
True
Suppose 0 = 2*m + 5*o - 7 - 12, -3*m = -4*o + 6. Suppose 6*x - 8 = m*x. Suppose -c - c - 140 = -2*y, -x*y + 4*c + 132 = 0. Is y composite?
True
Let v(d) = 9*d + 86. Let n be v(-10). Is 0 + (-1 + 6 - n) a prime number?
False
Let m(n) = -42*n**3 + 3*n**2 + 4*n - 2. Let d be m(-2). Let q = 571 - d. Is q prime?
True
Suppose 23812 + 5787 = 2*t + v, 5*v + 59205 = 4*t. Suppose -5*s - t = -5*x, 0*s = -x - 5*s + 2972. Is x prime?
False
Suppose -111849 - 469374 = -v + n, -v = 3*n - 581239. Is v prime?
True
Suppose 3*r + 361*k - 3200643 = 362*k, 0 = 4*k + 24. Is r a prime number?
False
Let v = 360 - 357. Suppose 22934 = v*d - d. Is d a composite number?
False
Suppose 4*i + 141436 = 4*u, 89*i - 94*i = -20. Is u composite?
False
Let z(h) = 5*h + 33. Let t be z(-6). Suppose 2*m + 4*a = 631 + 249, t*m + 2*a - 1324 = 0. Suppose 0 = j - m - 295. Is j a composite number?
True
Suppose 4*d = 2*u + 6142, 89*d - 5*u = 88*d + 1522. Is d a composite number?
True
Let k(l) = 2*l - 1. Let h(p) = 342*p - 64. Let w(c) = h(c) - 5*k(c). Is w(11) a composite number?
False
Let z(y) = 2514*y + 1784. Is z(5) composite?
True
Suppose 12*g + 11*g - 5049466 = 0. Is g/34 + 50/(-425) composite?
True
Let p(s) = 57*s + 3. Let x be p(1). Suppose -x*w - 10806 = -66*w. Is w composite?
False
Let u(j) = 9*j**3 - 73*j**2 - 134*j + 85. Is u(47) prime?
True
Let l(o) = 2*o**2 - 7*o + 26. Let m be l(4). Suppose 7*b + 343229 = m*b. Is b composite?
False
Suppose -19*f = -21*f + 700. Let a = 1137 - f. Is a prime?
True
Let n(o) = -115*o**3 + 18*o**2 - 22*o + 11. Is n(-10) a composite number?
True
Let o = 255641 + -131430. Is o prime?
False
Let y be 516332/18 + (-1)/(-27)*-3. Suppose -2*b - 11450 - 11498 = -4*w, -5*w + y = 3*b. Is w prime?
True
Let t b